{"id":29753,"date":"2026-02-13T16:56:40","date_gmt":"2026-02-13T15:56:40","guid":{"rendered":"https:\/\/www.herztoenchen.com\/ukulelefee\/?post_type=product&#038;p=29753"},"modified":"2026-02-13T17:47:45","modified_gmt":"2026-02-13T16:47:45","slug":"8-wochen-dranbleiben","status":"publish","type":"product","link":"https:\/\/www.herztoenchen.com\/ukulelefee\/shop\/gutschein\/8-wochen-dranbleiben\/","title":{"rendered":"Ukulelefee Circle &#8211; 8 Wochen Dranbleiben"},"content":{"rendered":"<h2>Ukulelefee Circle<\/h2>\n<h3>In 8 Wochen zur neuen Gewohnheit<\/h3>\n<p>Der Ukulelefee Circle ist eine strukturierte, pers\u00f6nliche 8-Wochen-Begleitung f\u00fcr alle, die nicht nur anfangen \u2013 sondern wirklich dranbleiben wollen.<\/p>\n<p>Du erh\u00e4ltst:<\/p>\n<ul>\n<li>w\u00f6chentliche Videoimpulse<\/li>\n<li>konkrete \u00dcbeaufgaben<\/li>\n<li>Songs in unterschiedlichen Schwierigkeitsgraden<\/li>\n<li>spielerische Challenges<\/li>\n<li>motivierende Erinnerungen \u00fcber WhatsApp<\/li>\n<li>Feedbackm\u00f6glichkeiten zu festgelegten Zeitpunkten<\/li>\n<\/ul>\n<p>Ziel ist es, eine tragf\u00e4hige \u00dcbegewohnheit zu entwickeln und musikalisch sicherer zu werden.<\/p>\n<p>Der Circle ist kein Selbstlernkurs, sondern ein bewusst gew\u00e4hlter Zeitraum mit klarer Struktur und pers\u00f6nlicher Begleitung.<\/p>\n<hr \/>\n<h3>Ablauf der Anmeldung<\/h3>\n<ol>\n<li>F\u00fclle das Anmeldeformular aus.<\/li>\n<li>Du erh\u00e4ltst eine pers\u00f6nliche R\u00fcckmeldung.<\/li>\n<li>Nach Best\u00e4tigung sicherst du dir deinen Platz durch die verbindliche Zahlung.<\/li>\n<li>Zum Starttermin beginnt dein 8-Wochen-Weg.<\/li>\n<\/ol>\n<hr \/>\n<h3>Wichtige Informationen<\/h3>\n<ul>\n<li>Kursdauer: 8 Wochen<\/li>\n<li>Gesamtpreis: 96 \u20ac<\/li>\n<li>Zahlung vor Kursbeginn<\/li>\n<li>Teilnahme nur nach vorheriger Anmeldung \u00fcber das Formular<\/li>\n<\/ul>\n<hr \/>\n<h3>Weitere Informationen<\/h3>\n<p>Ausf\u00fchrliche Infos findest du hier:<br \/>\n<a href=\"https:\/\/www.herztoenchen.com\/ukulelefee\/der-ukulelefee-circle\/\" target=\"_blank\" rel=\"noopener\">Zur Informationsseite<\/a><\/p>\n<p>Zum Anmeldeformular:<br \/>\n<a href=\"https:\/\/forms.gle\/8EDzhbMGKqn1y1Py5\" target=\"_blank\" rel=\"noopener\">Jetzt anmelden<\/a><\/p>\n","protected":false},"excerpt":{"rendered":"<p>8 Wochen strukturierte musikalische Begleitung.<br data-start=\"2149\" data-end=\"2152\" \/>Videoimpulse, \u00dcbeaufgaben, Challenges, WhatsApp-Begleitung und Feedback.<br data-start=\"2224\" data-end=\"2227\" \/>Gesamtpreis 96 \u20ac.<\/p>\n","protected":false},"featured_media":29723,"template":"","meta":{"jetpack_publicize_message":"","jetpack_publicize_feature_enabled":true,"jetpack_social_post_already_shared":true,"jetpack_social_options":{"image_generator_settings":{"template":"highway","default_image_id":0,"font":"","enabled":false},"version":2}},"product_brand":[],"product_cat":[292],"product_tag":[560,552,549,555,294,551,565,559,567,561,548,563,557,268,564,566,558,556,299,562],"class_list":{"0":"post-29753","1":"product","2":"type-product","3":"status-publish","4":"has-post-thumbnail","6":"product_cat-gutschein","7":"product_tag-8-wochen-kurs","8":"product_tag-dranbleiben","9":"product_tag-freundeskreis","10":"product_tag-geschenkidee","11":"product_tag-gutschein","12":"product_tag-klangfreude","13":"product_tag-musik-mit-herz","14":"product_tag-musikalische-begleitung","15":"product_tag-musikalische-weiterentwicklung","16":"product_tag-musikgewohnheit","17":"product_tag-musikunterricht","18":"product_tag-online-musikunterricht","19":"product_tag-online-ukulele-kurs","20":"product_tag-ukulele","21":"product_tag-ukulele-community","22":"product_tag-ukulele-fuer-anfaenger-mit-vorkenntnissen","23":"product_tag-ukulele-fuer-erwachsene","24":"product_tag-ukulele-kurs","25":"product_tag-ukulele-lernen","26":"product_tag-ukulele-motivation","28":"first","29":"instock","30":"virtual","31":"purchasable","32":"product-type-simple"},"yoast_head":"<!-- This site is optimized with the Yoast SEO plugin v23.7 - https:\/\/yoast.com\/wordpress\/plugins\/seo\/ -->\n<title>Ukulelefee Circle - 8 Wochen Dranbleiben - UkuleleFee<\/title>\n<meta name=\"description\" content=\"8 Wochen strukturierte musikalische Begleitung.Videoimpulse, \u00dcbeaufgaben, Challenges, WhatsApp-Begleitung und Feedback.Gesamtpreis 96 \u20ac.\" \/>\n<meta name=\"robots\" content=\"index, follow, max-snippet:-1, max-image-preview:large, max-video-preview:-1\" \/>\n<link rel=\"canonical\" href=\"https:\/\/www.herztoenchen.com\/ukulelefee\/shop\/gutschein\/8-wochen-dranbleiben\/\" \/>\n<meta property=\"og:locale\" content=\"de_DE\" \/>\n<meta property=\"og:type\" content=\"article\" \/>\n<meta property=\"og:title\" content=\"Ukulelefee Circle - 8 Wochen Dranbleiben - UkuleleFee\" \/>\n<meta property=\"og:description\" content=\"8 Wochen strukturierte musikalische Begleitung.Videoimpulse, \u00dcbeaufgaben, Challenges, WhatsApp-Begleitung und Feedback.Gesamtpreis 96 \u20ac.\" \/>\n<meta property=\"og:url\" content=\"https:\/\/www.herztoenchen.com\/ukulelefee\/shop\/gutschein\/8-wochen-dranbleiben\/\" \/>\n<meta property=\"og:site_name\" content=\"UkuleleFee\" \/>\n<meta property=\"article:publisher\" content=\"https:\/\/www.facebook.com\/gabigrafeneder\" \/>\n<meta property=\"article:modified_time\" content=\"2026-02-13T16:47:45+00:00\" \/>\n<meta property=\"og:image\" content=\"http:\/\/www.herztoenchen.com\/ukulelefee\/wp-content\/uploads\/2026\/02\/Titelbild-Ukulele-von-Zuhause.png\" \/>\n\t<meta property=\"og:image:width\" content=\"1280\" \/>\n\t<meta property=\"og:image:height\" content=\"720\" \/>\n\t<meta property=\"og:image:type\" content=\"image\/png\" \/>\n<meta name=\"twitter:card\" content=\"summary_large_image\" \/>\n<meta name=\"twitter:label1\" content=\"Gesch\u00e4tzte Lesezeit\" \/>\n\t<meta name=\"twitter:data1\" content=\"1\u00a0Minute\" \/>\n<script type=\"application\/ld+json\" class=\"yoast-schema-graph\">{\"@context\":\"https:\/\/schema.org\",\"@graph\":[{\"@type\":\"WebPage\",\"@id\":\"https:\/\/www.herztoenchen.com\/ukulelefee\/shop\/gutschein\/8-wochen-dranbleiben\/\",\"url\":\"https:\/\/www.herztoenchen.com\/ukulelefee\/shop\/gutschein\/8-wochen-dranbleiben\/\",\"name\":\"Ukulelefee Circle - 8 Wochen Dranbleiben - UkuleleFee\",\"isPartOf\":{\"@id\":\"https:\/\/www.herztoenchen.com\/ukulelefee\/#website\"},\"primaryImageOfPage\":{\"@id\":\"https:\/\/www.herztoenchen.com\/ukulelefee\/shop\/gutschein\/8-wochen-dranbleiben\/#primaryimage\"},\"image\":{\"@id\":\"https:\/\/www.herztoenchen.com\/ukulelefee\/shop\/gutschein\/8-wochen-dranbleiben\/#primaryimage\"},\"thumbnailUrl\":\"https:\/\/i0.wp.com\/www.herztoenchen.com\/ukulelefee\/wp-content\/uploads\/2026\/02\/Titelbild-Ukulele-von-Zuhause.png?fit=1280%2C720&ssl=1\",\"datePublished\":\"2026-02-13T15:56:40+00:00\",\"dateModified\":\"2026-02-13T16:47:45+00:00\",\"description\":\"8 Wochen strukturierte musikalische Begleitung.Videoimpulse, \u00dcbeaufgaben, Challenges, WhatsApp-Begleitung und Feedback.Gesamtpreis 96 \u20ac.\",\"breadcrumb\":{\"@id\":\"https:\/\/www.herztoenchen.com\/ukulelefee\/shop\/gutschein\/8-wochen-dranbleiben\/#breadcrumb\"},\"inLanguage\":\"de\",\"potentialAction\":[{\"@type\":\"ReadAction\",\"target\":[\"https:\/\/www.herztoenchen.com\/ukulelefee\/shop\/gutschein\/8-wochen-dranbleiben\/\"]}]},{\"@type\":\"ImageObject\",\"inLanguage\":\"de\",\"@id\":\"https:\/\/www.herztoenchen.com\/ukulelefee\/shop\/gutschein\/8-wochen-dranbleiben\/#primaryimage\",\"url\":\"https:\/\/i0.wp.com\/www.herztoenchen.com\/ukulelefee\/wp-content\/uploads\/2026\/02\/Titelbild-Ukulele-von-Zuhause.png?fit=1280%2C720&ssl=1\",\"contentUrl\":\"https:\/\/i0.wp.com\/www.herztoenchen.com\/ukulelefee\/wp-content\/uploads\/2026\/02\/Titelbild-Ukulele-von-Zuhause.png?fit=1280%2C720&ssl=1\",\"width\":1280,\"height\":720},{\"@type\":\"BreadcrumbList\",\"@id\":\"https:\/\/www.herztoenchen.com\/ukulelefee\/shop\/gutschein\/8-wochen-dranbleiben\/#breadcrumb\",\"itemListElement\":[{\"@type\":\"ListItem\",\"position\":1,\"name\":\"Startseite\",\"item\":\"https:\/\/www.herztoenchen.com\/ukulelefee\/\"},{\"@type\":\"ListItem\",\"position\":2,\"name\":\"Shop\",\"item\":\"https:\/\/www.herztoenchen.com\/ukulelefee\/?page_id=14\"},{\"@type\":\"ListItem\",\"position\":3,\"name\":\"Ukulelefee Circle &#8211; 8 Wochen Dranbleiben\"}]},{\"@type\":\"WebSite\",\"@id\":\"https:\/\/www.herztoenchen.com\/ukulelefee\/#website\",\"url\":\"https:\/\/www.herztoenchen.com\/ukulelefee\/\",\"name\":\"UkuleleFee\",\"description\":\"Ukulele, ein Instrument f\u00fcr alle\",\"publisher\":{\"@id\":\"https:\/\/www.herztoenchen.com\/ukulelefee\/#\/schema\/person\/3ba787abfc8913340575bb10e0150557\"},\"potentialAction\":[{\"@type\":\"SearchAction\",\"target\":{\"@type\":\"EntryPoint\",\"urlTemplate\":\"https:\/\/www.herztoenchen.com\/ukulelefee\/?s={search_term_string}\"},\"query-input\":{\"@type\":\"PropertyValueSpecification\",\"valueRequired\":true,\"valueName\":\"search_term_string\"}}],\"inLanguage\":\"de\"},{\"@type\":[\"Person\",\"Organization\"],\"@id\":\"https:\/\/www.herztoenchen.com\/ukulelefee\/#\/schema\/person\/3ba787abfc8913340575bb10e0150557\",\"name\":\"Gabriela\",\"image\":{\"@type\":\"ImageObject\",\"inLanguage\":\"de\",\"@id\":\"https:\/\/www.herztoenchen.com\/ukulelefee\/#\/schema\/person\/image\/\",\"url\":\"https:\/\/i0.wp.com\/www.herztoenchen.com\/ukulelefee\/wp-content\/uploads\/2023\/05\/400dpiLogoCropped_400px_MSGFarben.png?fit=400%2C400&ssl=1\",\"contentUrl\":\"https:\/\/i0.wp.com\/www.herztoenchen.com\/ukulelefee\/wp-content\/uploads\/2023\/05\/400dpiLogoCropped_400px_MSGFarben.png?fit=400%2C400&ssl=1\",\"width\":400,\"height\":400,\"caption\":\"Gabriela\"},\"logo\":{\"@id\":\"https:\/\/www.herztoenchen.com\/ukulelefee\/#\/schema\/person\/image\/\"},\"description\":\"Gabriela Grafeneder ist eine leidenschaftliche Ukulelelehrerin und YouTuberin aus \u00d6sterreich. Seit 2017 unterrichtet sie Ukulele in Form von Einzelunterricht und Workshops, sowohl in Pr\u00e4senz als auch online. Gabriela legt gro\u00dfen Wert darauf, dass ihre Sch\u00fcler*innen in ihrem Unterricht eine entspannte und motivierende Atmosph\u00e4re vorfinden, in der sie ihre musikalischen F\u00e4higkeiten entfalten und weiterentwickeln k\u00f6nnen. Auf ihrem YouTube-Kanal \\\"Ukulelefee\\\" begeistert Gabriela Grafeneder ihre Abonnentinnen mit ihren kreativen Videos rund um die Ukulele. Sie zeigt, wie man verschiedene Lieder und Akkorde auf der Ukulele spielt und gibt n\u00fctzliche Tipps und Tricks f\u00fcr Anf\u00e4ngerinnen und Fortgeschrittene. Durch ihre offene und zug\u00e4ngliche Art und ihre Begeisterung f\u00fcr die Ukulele hat Gabriela Grafeneder eine wachsende Fangemeinde aufgebaut und sich zu einer wichtigen Pers\u00f6nlichkeit in der Ukulele-Community entwickelt.\",\"sameAs\":[\"http:\/\/www.ukulelefee.at\",\"https:\/\/www.facebook.com\/gabigrafeneder\",\"https:\/\/www.instagram.com\/ukulelefee\/\",\"https:\/\/www.youtube.com\/ukulelefee\"]}]}<\/script>\n<!-- \/ Yoast SEO plugin. -->","yoast_head_json":{"title":"Ukulelefee Circle - 8 Wochen Dranbleiben - UkuleleFee","description":"8 Wochen strukturierte musikalische Begleitung.Videoimpulse, \u00dcbeaufgaben, Challenges, WhatsApp-Begleitung und Feedback.Gesamtpreis 96 \u20ac.","robots":{"index":"index","follow":"follow","max-snippet":"max-snippet:-1","max-image-preview":"max-image-preview:large","max-video-preview":"max-video-preview:-1"},"canonical":"https:\/\/www.herztoenchen.com\/ukulelefee\/shop\/gutschein\/8-wochen-dranbleiben\/","og_locale":"de_DE","og_type":"article","og_title":"Ukulelefee Circle - 8 Wochen Dranbleiben - UkuleleFee","og_description":"8 Wochen strukturierte musikalische Begleitung.Videoimpulse, \u00dcbeaufgaben, Challenges, WhatsApp-Begleitung und Feedback.Gesamtpreis 96 \u20ac.","og_url":"https:\/\/www.herztoenchen.com\/ukulelefee\/shop\/gutschein\/8-wochen-dranbleiben\/","og_site_name":"UkuleleFee","article_publisher":"https:\/\/www.facebook.com\/gabigrafeneder","article_modified_time":"2026-02-13T16:47:45+00:00","og_image":[{"width":1280,"height":720,"url":"http:\/\/www.herztoenchen.com\/ukulelefee\/wp-content\/uploads\/2026\/02\/Titelbild-Ukulele-von-Zuhause.png","type":"image\/png"}],"twitter_card":"summary_large_image","twitter_misc":{"Gesch\u00e4tzte Lesezeit":"1\u00a0Minute"},"schema":{"@context":"https:\/\/schema.org","@graph":[{"@type":"WebPage","@id":"https:\/\/www.herztoenchen.com\/ukulelefee\/shop\/gutschein\/8-wochen-dranbleiben\/","url":"https:\/\/www.herztoenchen.com\/ukulelefee\/shop\/gutschein\/8-wochen-dranbleiben\/","name":"Ukulelefee Circle - 8 Wochen Dranbleiben - UkuleleFee","isPartOf":{"@id":"https:\/\/www.herztoenchen.com\/ukulelefee\/#website"},"primaryImageOfPage":{"@id":"https:\/\/www.herztoenchen.com\/ukulelefee\/shop\/gutschein\/8-wochen-dranbleiben\/#primaryimage"},"image":{"@id":"https:\/\/www.herztoenchen.com\/ukulelefee\/shop\/gutschein\/8-wochen-dranbleiben\/#primaryimage"},"thumbnailUrl":"https:\/\/i0.wp.com\/www.herztoenchen.com\/ukulelefee\/wp-content\/uploads\/2026\/02\/Titelbild-Ukulele-von-Zuhause.png?fit=1280%2C720&ssl=1","datePublished":"2026-02-13T15:56:40+00:00","dateModified":"2026-02-13T16:47:45+00:00","description":"8 Wochen strukturierte musikalische Begleitung.Videoimpulse, \u00dcbeaufgaben, Challenges, WhatsApp-Begleitung und Feedback.Gesamtpreis 96 \u20ac.","breadcrumb":{"@id":"https:\/\/www.herztoenchen.com\/ukulelefee\/shop\/gutschein\/8-wochen-dranbleiben\/#breadcrumb"},"inLanguage":"de","potentialAction":[{"@type":"ReadAction","target":["https:\/\/www.herztoenchen.com\/ukulelefee\/shop\/gutschein\/8-wochen-dranbleiben\/"]}]},{"@type":"ImageObject","inLanguage":"de","@id":"https:\/\/www.herztoenchen.com\/ukulelefee\/shop\/gutschein\/8-wochen-dranbleiben\/#primaryimage","url":"https:\/\/i0.wp.com\/www.herztoenchen.com\/ukulelefee\/wp-content\/uploads\/2026\/02\/Titelbild-Ukulele-von-Zuhause.png?fit=1280%2C720&ssl=1","contentUrl":"https:\/\/i0.wp.com\/www.herztoenchen.com\/ukulelefee\/wp-content\/uploads\/2026\/02\/Titelbild-Ukulele-von-Zuhause.png?fit=1280%2C720&ssl=1","width":1280,"height":720},{"@type":"BreadcrumbList","@id":"https:\/\/www.herztoenchen.com\/ukulelefee\/shop\/gutschein\/8-wochen-dranbleiben\/#breadcrumb","itemListElement":[{"@type":"ListItem","position":1,"name":"Startseite","item":"https:\/\/www.herztoenchen.com\/ukulelefee\/"},{"@type":"ListItem","position":2,"name":"Shop","item":"https:\/\/www.herztoenchen.com\/ukulelefee\/?page_id=14"},{"@type":"ListItem","position":3,"name":"Ukulelefee Circle &#8211; 8 Wochen Dranbleiben"}]},{"@type":"WebSite","@id":"https:\/\/www.herztoenchen.com\/ukulelefee\/#website","url":"https:\/\/www.herztoenchen.com\/ukulelefee\/","name":"UkuleleFee","description":"Ukulele, ein Instrument f\u00fcr alle","publisher":{"@id":"https:\/\/www.herztoenchen.com\/ukulelefee\/#\/schema\/person\/3ba787abfc8913340575bb10e0150557"},"potentialAction":[{"@type":"SearchAction","target":{"@type":"EntryPoint","urlTemplate":"https:\/\/www.herztoenchen.com\/ukulelefee\/?s={search_term_string}"},"query-input":{"@type":"PropertyValueSpecification","valueRequired":true,"valueName":"search_term_string"}}],"inLanguage":"de"},{"@type":["Person","Organization"],"@id":"https:\/\/www.herztoenchen.com\/ukulelefee\/#\/schema\/person\/3ba787abfc8913340575bb10e0150557","name":"Gabriela","image":{"@type":"ImageObject","inLanguage":"de","@id":"https:\/\/www.herztoenchen.com\/ukulelefee\/#\/schema\/person\/image\/","url":"https:\/\/i0.wp.com\/www.herztoenchen.com\/ukulelefee\/wp-content\/uploads\/2023\/05\/400dpiLogoCropped_400px_MSGFarben.png?fit=400%2C400&ssl=1","contentUrl":"https:\/\/i0.wp.com\/www.herztoenchen.com\/ukulelefee\/wp-content\/uploads\/2023\/05\/400dpiLogoCropped_400px_MSGFarben.png?fit=400%2C400&ssl=1","width":400,"height":400,"caption":"Gabriela"},"logo":{"@id":"https:\/\/www.herztoenchen.com\/ukulelefee\/#\/schema\/person\/image\/"},"description":"Gabriela Grafeneder ist eine leidenschaftliche Ukulelelehrerin und YouTuberin aus \u00d6sterreich. Seit 2017 unterrichtet sie Ukulele in Form von Einzelunterricht und Workshops, sowohl in Pr\u00e4senz als auch online. Gabriela legt gro\u00dfen Wert darauf, dass ihre Sch\u00fcler*innen in ihrem Unterricht eine entspannte und motivierende Atmosph\u00e4re vorfinden, in der sie ihre musikalischen F\u00e4higkeiten entfalten und weiterentwickeln k\u00f6nnen. Auf ihrem YouTube-Kanal \"Ukulelefee\" begeistert Gabriela Grafeneder ihre Abonnentinnen mit ihren kreativen Videos rund um die Ukulele. Sie zeigt, wie man verschiedene Lieder und Akkorde auf der Ukulele spielt und gibt n\u00fctzliche Tipps und Tricks f\u00fcr Anf\u00e4ngerinnen und Fortgeschrittene. Durch ihre offene und zug\u00e4ngliche Art und ihre Begeisterung f\u00fcr die Ukulele hat Gabriela Grafeneder eine wachsende Fangemeinde aufgebaut und sich zu einer wichtigen Pers\u00f6nlichkeit in der Ukulele-Community entwickelt.","sameAs":["http:\/\/www.ukulelefee.at","https:\/\/www.facebook.com\/gabigrafeneder","https:\/\/www.instagram.com\/ukulelefee\/","https:\/\/www.youtube.com\/ukulelefee"]}]}},"jetpack_publicize_connections":[],"jetpack_sharing_enabled":true,"jetpack-related-posts":[{"id":29712,"url":"https:\/\/www.herztoenchen.com\/ukulelefee\/shop\/gutschein\/gutschein-ukulelefee-150\/","url_meta":{"origin":29753,"position":0},"title":"Gutschein Ukulelefee 150","author":"Gabriela","date":"11. Februar 2026","format":false,"excerpt":"Ein liebevoller Geschenkgutschein f\u00fcr Musik, Freude und Dranbleiben \u2013 einl\u00f6sbar f\u00fcr alle Angebote der Ukulelefee.","rel":"","context":"\u00c4hnlicher Beitrag","block_context":{"text":"\u00c4hnlicher Beitrag","link":""},"img":{"alt_text":"","src":"https:\/\/i0.wp.com\/www.herztoenchen.com\/ukulelefee\/wp-content\/uploads\/2022\/01\/2-1.png?fit=1000%2C1000&ssl=1&resize=350%2C200","width":350,"height":200,"srcset":"https:\/\/i0.wp.com\/www.herztoenchen.com\/ukulelefee\/wp-content\/uploads\/2022\/01\/2-1.png?fit=1000%2C1000&ssl=1&resize=350%2C200 1x, https:\/\/i0.wp.com\/www.herztoenchen.com\/ukulelefee\/wp-content\/uploads\/2022\/01\/2-1.png?fit=1000%2C1000&ssl=1&resize=525%2C300 1.5x, https:\/\/i0.wp.com\/www.herztoenchen.com\/ukulelefee\/wp-content\/uploads\/2022\/01\/2-1.png?fit=1000%2C1000&ssl=1&resize=700%2C400 2x"},"classes":[]},{"id":29713,"url":"https:\/\/www.herztoenchen.com\/ukulelefee\/shop\/gutschein\/gutschein-ukulelefee-100\/","url_meta":{"origin":29753,"position":1},"title":"Gutschein Ukulelefee 100","author":"Gabriela","date":"11. Februar 2026","format":false,"excerpt":"Ein liebevoller Geschenkgutschein f\u00fcr Musik, Freude und Dranbleiben \u2013 einl\u00f6sbar f\u00fcr alle Angebote der Ukulelefee.","rel":"","context":"\u00c4hnlicher Beitrag","block_context":{"text":"\u00c4hnlicher Beitrag","link":""},"img":{"alt_text":"","src":"https:\/\/i0.wp.com\/www.herztoenchen.com\/ukulelefee\/wp-content\/uploads\/2022\/01\/1-1.png?fit=1000%2C1000&ssl=1&resize=350%2C200","width":350,"height":200,"srcset":"https:\/\/i0.wp.com\/www.herztoenchen.com\/ukulelefee\/wp-content\/uploads\/2022\/01\/1-1.png?fit=1000%2C1000&ssl=1&resize=350%2C200 1x, https:\/\/i0.wp.com\/www.herztoenchen.com\/ukulelefee\/wp-content\/uploads\/2022\/01\/1-1.png?fit=1000%2C1000&ssl=1&resize=525%2C300 1.5x, https:\/\/i0.wp.com\/www.herztoenchen.com\/ukulelefee\/wp-content\/uploads\/2022\/01\/1-1.png?fit=1000%2C1000&ssl=1&resize=700%2C400 2x"},"classes":[]},{"id":28857,"url":"https:\/\/www.herztoenchen.com\/ukulelefee\/shop\/gutschein\/gutschein-ukulelefee-200\/","url_meta":{"origin":29753,"position":2},"title":"Gutschein Ukulelefee 200","author":"Gabriela","date":"5. Januar 2022","format":false,"excerpt":"Ein liebevoller Geschenkgutschein f\u00fcr Musik, Freude und Dranbleiben \u2013 einl\u00f6sbar f\u00fcr alle Angebote der Ukulelefee.","rel":"","context":"\u00c4hnlicher Beitrag","block_context":{"text":"\u00c4hnlicher Beitrag","link":""},"img":{"alt_text":"","src":"https:\/\/i0.wp.com\/www.herztoenchen.com\/ukulelefee\/wp-content\/uploads\/2022\/01\/3-1.png?fit=1000%2C1000&ssl=1&resize=350%2C200","width":350,"height":200,"srcset":"https:\/\/i0.wp.com\/www.herztoenchen.com\/ukulelefee\/wp-content\/uploads\/2022\/01\/3-1.png?fit=1000%2C1000&ssl=1&resize=350%2C200 1x, https:\/\/i0.wp.com\/www.herztoenchen.com\/ukulelefee\/wp-content\/uploads\/2022\/01\/3-1.png?fit=1000%2C1000&ssl=1&resize=525%2C300 1.5x, https:\/\/i0.wp.com\/www.herztoenchen.com\/ukulelefee\/wp-content\/uploads\/2022\/01\/3-1.png?fit=1000%2C1000&ssl=1&resize=700%2C400 2x"},"classes":[]},{"id":29788,"url":"https:\/\/www.herztoenchen.com\/ukulelefee\/shop\/unkategorisiert\/soleos-spiegel-ebook\/","url_meta":{"origin":29753,"position":3},"title":"Soleos Spiegel \u2013 Mein Weg nach innen (E-Book)","author":"Gabriela","date":"15. Februar 2026","format":false,"excerpt":"Ein poetischer Dialog \u00fcber innere Heilung, Erinnerung und Essenz. \u201eSoleos Spiegel\u201c l\u00e4dt dich ein, dich nicht zu verbessern \u2013 sondern dich selbst wiederzufinden.","rel":"","context":"\u00c4hnlicher Beitrag","block_context":{"text":"\u00c4hnlicher Beitrag","link":""},"img":{"alt_text":"","src":"https:\/\/i0.wp.com\/www.herztoenchen.com\/ukulelefee\/wp-content\/uploads\/2026\/02\/Produktbilder-Soleos-Spiegel.png?fit=1000%2C1000&ssl=1&resize=350%2C200","width":350,"height":200,"srcset":"https:\/\/i0.wp.com\/www.herztoenchen.com\/ukulelefee\/wp-content\/uploads\/2026\/02\/Produktbilder-Soleos-Spiegel.png?fit=1000%2C1000&ssl=1&resize=350%2C200 1x, https:\/\/i0.wp.com\/www.herztoenchen.com\/ukulelefee\/wp-content\/uploads\/2026\/02\/Produktbilder-Soleos-Spiegel.png?fit=1000%2C1000&ssl=1&resize=525%2C300 1.5x, https:\/\/i0.wp.com\/www.herztoenchen.com\/ukulelefee\/wp-content\/uploads\/2026\/02\/Produktbilder-Soleos-Spiegel.png?fit=1000%2C1000&ssl=1&resize=700%2C400 2x"},"classes":[]},{"id":28813,"url":"https:\/\/www.herztoenchen.com\/ukulelefee\/shop\/e-book\/e-book-meine-ukulele-und-ich-zu-weihnachten\/","url_meta":{"origin":29753,"position":4},"title":"E-Book: &#8222;Meine Ukulele und ich zu Weihnachten&#8220; (ePub)","author":"Gabriela","date":"5. Januar 2022","format":false,"excerpt":"16 Songs f\u00fcr den Advent und f\u00fcr Weihnachten mit Erl\u00e4uterungen f\u00fcr den schnellen Einstieg ins Ukulelespiel. E-Book, DIN A4, 40 Seiten als pdf-Datei. E-Book Reader ist zum Lesen notwendig. Erscheinungsdatum: 8.12.2021","rel":"","context":"\u00c4hnlicher Beitrag","block_context":{"text":"\u00c4hnlicher Beitrag","link":""},"img":{"alt_text":"","src":"https:\/\/i0.wp.com\/www.herztoenchen.com\/ukulelefee\/wp-content\/uploads\/2022\/01\/Cover-Ukulele-Weihnacht-2021_V08_mit-Schatten_quadratisch-1.png?fit=1200%2C1200&ssl=1&resize=350%2C200","width":350,"height":200,"srcset":"https:\/\/i0.wp.com\/www.herztoenchen.com\/ukulelefee\/wp-content\/uploads\/2022\/01\/Cover-Ukulele-Weihnacht-2021_V08_mit-Schatten_quadratisch-1.png?fit=1200%2C1200&ssl=1&resize=350%2C200 1x, https:\/\/i0.wp.com\/www.herztoenchen.com\/ukulelefee\/wp-content\/uploads\/2022\/01\/Cover-Ukulele-Weihnacht-2021_V08_mit-Schatten_quadratisch-1.png?fit=1200%2C1200&ssl=1&resize=525%2C300 1.5x, https:\/\/i0.wp.com\/www.herztoenchen.com\/ukulelefee\/wp-content\/uploads\/2022\/01\/Cover-Ukulele-Weihnacht-2021_V08_mit-Schatten_quadratisch-1.png?fit=1200%2C1200&ssl=1&resize=700%2C400 2x, https:\/\/i0.wp.com\/www.herztoenchen.com\/ukulelefee\/wp-content\/uploads\/2022\/01\/Cover-Ukulele-Weihnacht-2021_V08_mit-Schatten_quadratisch-1.png?fit=1200%2C1200&ssl=1&resize=1050%2C600 3x"},"classes":[]},{"id":29698,"url":"https:\/\/www.herztoenchen.com\/ukulelefee\/shop\/ukulelen\/ukulele-love-mahagoni-konzert-kopie\/","url_meta":{"origin":29753,"position":5},"title":"Ukulele &#8222;Love&#8220; (Mahagoni, Konzert)","author":"Gabriela","date":"10. Februar 2026","format":false,"excerpt":"Die Love Ukulele aus Mahagoni von ToDo Music ist eine warm klingende Concert-Ukulele mit sanfter Ansprache und klarer Botschaft.Gefertigt aus massivem Mahagoni steht sie f\u00fcr Verbindung, Offenheit und musikalische N\u00e4he \u2013 ideal f\u00fcr Einsteiger:innen und fortgeschrittene Spieler:innen.","rel":"","context":"\u00c4hnlicher Beitrag","block_context":{"text":"\u00c4hnlicher Beitrag","link":""},"img":{"alt_text":"","src":"https:\/\/i0.wp.com\/www.herztoenchen.com\/ukulelefee\/wp-content\/uploads\/2026\/02\/2.png?fit=1000%2C1000&ssl=1&resize=350%2C200","width":350,"height":200,"srcset":"https:\/\/i0.wp.com\/www.herztoenchen.com\/ukulelefee\/wp-content\/uploads\/2026\/02\/2.png?fit=1000%2C1000&ssl=1&resize=350%2C200 1x, https:\/\/i0.wp.com\/www.herztoenchen.com\/ukulelefee\/wp-content\/uploads\/2026\/02\/2.png?fit=1000%2C1000&ssl=1&resize=525%2C300 1.5x, https:\/\/i0.wp.com\/www.herztoenchen.com\/ukulelefee\/wp-content\/uploads\/2026\/02\/2.png?fit=1000%2C1000&ssl=1&resize=700%2C400 2x"},"classes":[]}],"jetpack_likes_enabled":true,"_links":{"self":[{"href":"https:\/\/www.herztoenchen.com\/ukulelefee\/wp-json\/wp\/v2\/product\/29753","targetHints":{"allow":["GET"]}}],"collection":[{"href":"https:\/\/www.herztoenchen.com\/ukulelefee\/wp-json\/wp\/v2\/product"}],"about":[{"href":"https:\/\/www.herztoenchen.com\/ukulelefee\/wp-json\/wp\/v2\/types\/product"}],"wp:featuredmedia":[{"embeddable":true,"href":"https:\/\/www.herztoenchen.com\/ukulelefee\/wp-json\/wp\/v2\/media\/29723"}],"wp:attachment":[{"href":"https:\/\/www.herztoenchen.com\/ukulelefee\/wp-json\/wp\/v2\/media?parent=29753"}],"wp:term":[{"taxonomy":"product_brand","embeddable":true,"href":"https:\/\/www.herztoenchen.com\/ukulelefee\/wp-json\/wp\/v2\/product_brand?post=29753"},{"taxonomy":"product_cat","embeddable":true,"href":"https:\/\/www.herztoenchen.com\/ukulelefee\/wp-json\/wp\/v2\/product_cat?post=29753"},{"taxonomy":"product_tag","embeddable":true,"href":"https:\/\/www.herztoenchen.com\/ukulelefee\/wp-json\/wp\/v2\/product_tag?post=29753"}],"curies":[{"name":"wp","href":"https:\/\/api.w.org\/{rel}","templated":true}]}}